{"id":6574,"date":"2020-06-10T07:45:41","date_gmt":"2020-06-10T04:45:41","guid":{"rendered":"https:\/\/kulturism.ee\/?post_type=tribe_events&#038;p=6574"},"modified":"2020-08-12T11:18:08","modified_gmt":"2020-08-12T08:18:08","slug":"kulturismi-ja-fitnessitreenerite-tasemekoolitus-ekr3-ja-4-2","status":"publish","type":"tribe_events","link":"https:\/\/kulturism.ee\/ru\/sundmus\/kulturismi-ja-fitnessitreenerite-tasemekoolitus-ekr3-ja-4-2\/","title":{"rendered":"Kulturismi- ja fitnessitreenerite tasemekoolitus EKR3 ja 4"},"content":{"rendered":"<p>EKR3 ja 4 j\u00f5usaali- , kulturismi- ja fitnessitreenerite tasemekoolitus<br \/>\n404.00\u20ac \u2013 449.00\u20ac, registreerumine <a href=\"https:\/\/kulturism.ee\/toode\/ekr3-ja-4-jousaali-kulturismi-ja-fitnessitreenerite-tasemekoolitus\/\">siin<\/a>.<\/p>\n<p>J\u00f5usaali-, kulturismi- ja fitnessitreenerite erialane koolitus tasemetele EKR3 ja EKR4 (80 ak) 11.09 \u2013 13.09; 18.09 \u2013 2.09 ja 25.09 ja 27.09 2020<\/p>\n<p>&nbsp;<\/p>\n<p>Koolitus toimub Sparta spordiklubis (P\u00e4rnu mnt 139c, Tallinn)<\/p>\n<p>Reede, 11.09<\/p>\n<p><strong>9:30 \u2013 13.45 <\/strong>\u00a0J\u00f5usaalitreeningu alused, v\u00f5istlussportlaste treening (<strong>Indrek Otsus<\/strong>) seminariruum<\/p>\n<p><strong>13:45 \u2013 14:30 L\u00d5UNA<\/strong><\/p>\n<p><strong>14:30 \u2013 17:30<\/strong> Toitumise alused, toitumise anal\u00fc\u00fcs (<strong>Indrek Otsus<\/strong>) seminariruum<\/p>\n<p>&nbsp;<\/p>\n<p>Laup\u00e4ev, 12.09.<\/p>\n<p><strong>9:30 \u00a0\u2013 18:00 <\/strong>F\u00fcsioloogia ja funktsionaalne anatoomia (<strong>Mikk P\u00e4rn<\/strong>), seminariruum<\/p>\n<p><strong>13:00 \u2013 13:45 L\u00d5UNA<\/strong><\/p>\n<p><strong>\u00a0<\/strong><\/p>\n<p>P\u00fchap\u00e4ev, 13.09<\/p>\n<p><strong>9:30 \u2013 11:45<\/strong> Kehakoostise d\u00fcnaamika (<strong>Siim Kelner<\/strong>) seminariruum<\/p>\n<p><strong>11:45 \u2013 13:15<\/strong> J\u00f5u ja h\u00fcpertroofia arendamise metoodika (Siim Kelner), seminariruum<\/p>\n<p><strong>13:15 \u2013 14:00<\/strong> L\u00d5UNA<\/p>\n<p><strong>14:00 \u2013 15:30<\/strong> J\u00f5u ja h\u00fcpetroofia arendamise metoodika j\u00e4tkub (Siim Kelner), seminariruum<\/p>\n<p><strong>15:30 \u2013 17:45 <\/strong>Erivajadustega inimeste treening (Siim Savisaar), seminariruum<\/p>\n<p>&nbsp;<\/p>\n<p>&nbsp;<\/p>\n<p>Reede, 18.09<\/p>\n<p><strong>9:30 \u2013 18:00<\/strong> j\u00f5usaali harjutused ja treeningvahendid, (<strong>Sten P\u00f5ldsamm, Siim Savisaar, Siim Veri<\/strong>) j\u00f5usaal<\/p>\n<p>Laup\u00e4ev, 19.09<\/p>\n<p><strong>10:00 \u2013 14:00<\/strong> \u00a0J\u00f5utreeningu alused. Vastupidavusalade sportlaste treening, (<strong>Peep P\u00e4ll<\/strong>) seminariruum<\/p>\n<p><strong>14:00 \u2013 14:45 L\u00d5UNA<\/strong><\/p>\n<p><strong>14:45 \u2013 17:45<\/strong> Vastupidavusalade sportlaste treening, praktiline osa, (<strong>Peep P\u00e4ll<\/strong>) r\u00fchmatreeningute saal<\/p>\n<p>&nbsp;<\/p>\n<p>P\u00fchap\u00e4ev, 20.09<\/p>\n<p><strong>9:30 \u2013 13.15<\/strong> praktiliste \u00fclesannete lahendamine j\u00f5usaalis, (<strong>Sten P\u00f5ldsamm, Siim Savisaar, Siim Veri<\/strong>) j\u00f5usaal<\/p>\n<p><strong>13:15 \u2013 14:00 L\u00d5UNA<\/strong><\/p>\n<p><strong>14:00- 17:45 <\/strong>J\u00f5usaaliharjutused f\u00fcsioterapeudi pilgu l\u00e4bi, (<strong>Siim Savisaar) <\/strong>seminariruum, j\u00f5usaal<\/p>\n<p>&nbsp;<\/p>\n<p>Reede, 25.09<\/p>\n<p><strong>9:30 \u2013 12:30 <\/strong>J\u00f5utreening, tervis ja taastumine (<strong>Siim Savisaar<\/strong>), seminariruum<\/p>\n<p><strong>12:30 \u2013 13.15 L\u00d5UNA<\/strong><\/p>\n<p><strong>13:15 \u2013 17:00<\/strong>\u00a0 Laste ja noorte treening, teooria ja praktika, (<strong>Sten P\u00f5ldsamm<\/strong>) seminariruum, j\u00f5usaal<\/p>\n<p>&nbsp;<\/p>\n<p>P\u00fchap\u00e4ev, 27.09<\/p>\n<p><strong>9:30\u00a0 \u2013 11:45 <\/strong>J\u00f5usaalitreeningu soojendusosa, mobilisatsioon (<strong>Sten P\u00f5ldsamm<\/strong>) seminariruum, j\u00f5usaal<\/p>\n<p><strong>11:45 \u2013 13:15<\/strong> Toidulisandite teaduslikud alused (Siim Kelner), seminariruum<\/p>\n<p><strong>13:15 \u2013 14:00 L\u00d5UNA<\/strong><\/p>\n<p><strong>14:00 \u2013 14:45 <\/strong>Toidulisandite teaduslikud uuringud (<strong>Siim Kelner<\/strong>) \u00a0seminariruum<\/p>\n<p><strong>14:45 \u2013 15:30 <\/strong>Doping\u00a0 (<strong>Siim Kelner<\/strong>) \u00a0seminariruum<\/p>\n<p><strong>15:30 \u2013 18:00 <\/strong>\u00a0Iseseisvate t\u00f6\u00f6de ettekandmine (<strong>Siim Kelner<\/strong>, <strong>Indrek Otsus<\/strong>) seminariruum<\/p>\n<p>&nbsp;<\/p>\n<p>Koolituse maht 80 akadeemilist tundi<\/p>\n<p>Koolitusel saavad osaleda k\u00f5ik huvilised \u2013 treenerikutse taotlemine ei ole m\u00e4\u00e4rav.<\/p>\n<p>Treenerikutse taotlemiseks on vaja lisaks l\u00e4bida:<\/p>\n<p>EOK \u00fcldained III tasemele<\/p>\n<p>16h esmaabikoolitus<\/p>\n","protected":false},"excerpt":{"rendered":"<p>EKR3 ja 4 j\u00f5usaali- , kulturismi- ja fitnessitreenerite tasemekoolitus 404.00\u20ac \u2013 449.00\u20ac, registreerumine siin. J\u00f5usaali-, kulturismi- ja fitnessitreenerite erialane koolitus&#8230;<\/p>\n","protected":false},"author":4,"featured_media":6554,"template":"","meta":{"spay_email":"","_tribe_events_status":"","_tribe_events_status_reason":"","footnotes":""},"tags":[],"tribe_events_cat":[7],"class_list":["post-6574","tribe_events","type-tribe_events","status-publish","has-post-thumbnail","hentry","tribe_events_cat-koolitused","cat_koolitused"],"jetpack_sharing_enabled":true,"_links":{"self":[{"href":"https:\/\/kulturism.ee\/ru\/wp-json\/wp\/v2\/tribe_events\/6574","targetHints":{"allow":["GET"]}}],"collection":[{"href":"https:\/\/kulturism.ee\/ru\/wp-json\/wp\/v2\/tribe_events"}],"about":[{"href":"https:\/\/kulturism.ee\/ru\/wp-json\/wp\/v2\/types\/tribe_events"}],"author":[{"embeddable":true,"href":"https:\/\/kulturism.ee\/ru\/wp-json\/wp\/v2\/users\/4"}],"version-history":[{"count":3,"href":"https:\/\/kulturism.ee\/ru\/wp-json\/wp\/v2\/tribe_events\/6574\/revisions"}],"predecessor-version":[{"id":6741,"href":"https:\/\/kulturism.ee\/ru\/wp-json\/wp\/v2\/tribe_events\/6574\/revisions\/6741"}],"wp:featuredmedia":[{"embeddable":true,"href":"https:\/\/kulturism.ee\/ru\/wp-json\/wp\/v2\/media\/6554"}],"wp:attachment":[{"href":"https:\/\/kulturism.ee\/ru\/wp-json\/wp\/v2\/media?parent=6574"}],"wp:term":[{"taxonomy":"post_tag","embeddable":true,"href":"https:\/\/kulturism.ee\/ru\/wp-json\/wp\/v2\/tags?post=6574"},{"taxonomy":"tribe_events_cat","embeddable":true,"href":"https:\/\/kulturism.ee\/ru\/wp-json\/wp\/v2\/tribe_events_cat?post=6574"}],"curies":[{"name":"wp","href":"https:\/\/api.w.org\/{rel}","templated":true}]}}

<p>EKR3 ja 4 jõusaali- , kulturismi- ja fitnessitreenerite tasemekoolitus<br />
404.00€ – 449.00€, registreerumine <a href="https://kulturism.ee/toode/ekr3-ja-4-jousaali-kulturismi-ja-fitnessitreenerite-tasemekoolitus/">siin</a>.</p>
<p>Jõusaali-, kulturismi- ja fitnessitreenerite erialane koolitus tasemetele EKR3 ja EKR4 (80 ak) 11.09 – 13.09; 18.09 – 2.09 ja 25.09 ja 27.09 2020</p>
<p>&nbsp;</p>
<p>Koolitus toimub Sparta spordiklubis (Pärnu mnt 139c, Tallinn)</p>
<p>Reede, 11.09</p>
<p><strong>9:30 – 13.45 </strong> Jõusaalitreeningu alused, võistlussportlaste treening (<strong>Indrek Otsus</strong>) seminariruum</p>
<p><strong>13:45 – 14:30 LÕUNA</strong></p>
<p><strong>14:30 – 17:30</strong> Toitumise alused, toitumise analüüs (<strong>Indrek Otsus</strong>) seminariruum</p>
<p>&nbsp;</p>
<p>Laupäev, 12.09.</p>
<p><strong>9:30  – 18:00 </strong>Füsioloogia ja funktsionaalne anatoomia (<strong>Mikk Pärn</strong>), seminariruum</p>
<p><strong>13:00 – 13:45 LÕUNA</strong></p>
<p><strong> </strong></p>
<p>Pühapäev, 13.09</p>
<p><strong>9:30 – 11:45</strong> Kehakoostise dünaamika (<strong>Siim Kelner</strong>) seminariruum</p>
<p><strong>11:45 – 13:15</strong> Jõu ja hüpertroofia arendamise metoodika (Siim Kelner), seminariruum</p>
<p><strong>13:15 – 14:00</strong> LÕUNA</p>
<p><strong>14:00 – 15:30</strong> Jõu ja hüpetroofia arendamise metoodika jätkub (Siim Kelner), seminariruum</p>
<p><strong>15:30 – 17:45 </strong>Erivajadustega inimeste treening (Siim Savisaar), seminariruum</p>
<p>&nbsp;</p>
<p>&nbsp;</p>
<p>Reede, 18.09</p>
<p><strong>9:30 – 18:00</strong> jõusaali harjutused ja treeningvahendid, (<strong>Sten Põldsamm, Siim Savisaar, Siim Veri</strong>) jõusaal</p>
<p>Laupäev, 19.09</p>
<p><strong>10:00 – 14:00</strong>  Jõutreeningu alused. Vastupidavusalade sportlaste treening, (<strong>Peep Päll</strong>) seminariruum</p>
<p><strong>14:00 – 14:45 LÕUNA</strong></p>
<p><strong>14:45 – 17:45</strong> Vastupidavusalade sportlaste treening, praktiline osa, (<strong>Peep Päll</strong>) rühmatreeningute saal</p>
<p>&nbsp;</p>
<p>Pühapäev, 20.09</p>
<p><strong>9:30 – 13.15</strong> praktiliste ülesannete lahendamine jõusaalis, (<strong>Sten Põldsamm, Siim Savisaar, Siim Veri</strong>) jõusaal</p>
<p><strong>13:15 – 14:00 LÕUNA</strong></p>
<p><strong>14:00- 17:45 </strong>Jõusaaliharjutused füsioterapeudi pilgu läbi, (<strong>Siim Savisaar) </strong>seminariruum, jõusaal</p>
<p>&nbsp;</p>
<p>Reede, 25.09</p>
<p><strong>9:30 – 12:30 </strong>Jõutreening, tervis ja taastumine (<strong>Siim Savisaar</strong>), seminariruum</p>
<p><strong>12:30 – 13.15 LÕUNA</strong></p>
<p><strong>13:15 – 17:00</strong>  Laste ja noorte treening, teooria ja praktika, (<strong>Sten Põldsamm</strong>) seminariruum, jõusaal</p>
<p>&nbsp;</p>
<p>Pühapäev, 27.09</p>
<p><strong>9:30  – 11:45 </strong>Jõusaalitreeningu soojendusosa, mobilisatsioon (<strong>Sten Põldsamm</strong>) seminariruum, jõusaal</p>
<p><strong>11:45 – 13:15</strong> Toidulisandite teaduslikud alused (Siim Kelner), seminariruum</p>
<p><strong>13:15 – 14:00 LÕUNA</strong></p>
<p><strong>14:00 – 14:45 </strong>Toidulisandite teaduslikud uuringud (<strong>Siim Kelner</strong>)  seminariruum</p>
<p><strong>14:45 – 15:30 </strong>Doping  (<strong>Siim Kelner</strong>)  seminariruum</p>
<p><strong>15:30 – 18:00 </strong> Iseseisvate tööde ettekandmine (<strong>Siim Kelner</strong>, <strong>Indrek Otsus</strong>) seminariruum</p>
<p>&nbsp;</p>
<p>Koolituse maht 80 akadeemilist tundi</p>
<p>Koolitusel saavad osaleda kõik huvilised – treenerikutse taotlemine ei ole määrav.</p>
<p>Treenerikutse taotlemiseks on vaja lisaks läbida:</p>
<p>EOK üldained III tasemele</p>
<p>16h esmaabikoolitus</p>

<p>EKR3 ja 4 jõusaali- , kulturismi- ja fitnessitreenerite tasemekoolitus 404.00€ – 449.00€, registreerumine siin. Jõusaali-, kulturismi- ja fitnessitreenerite erialane koolitus&#8230;</p>
