{"id":6572,"date":"2020-06-10T07:43:11","date_gmt":"2020-06-10T04:43:11","guid":{"rendered":"https:\/\/kulturism.ee\/?post_type=tribe_events&#038;p=6572"},"modified":"2020-06-10T07:43:11","modified_gmt":"2020-06-10T04:43:11","slug":"kulturismi-ja-fitnessitreenerite-tasemekoolitus-ekr3-ja-4","status":"publish","type":"tribe_events","link":"https:\/\/kulturism.ee\/ru\/sundmus\/kulturismi-ja-fitnessitreenerite-tasemekoolitus-ekr3-ja-4\/","title":{"rendered":"Kulturismi- ja fitnessitreenerite tasemekoolitus EKR3 ja 4"},"content":{"rendered":"<h3 class=\"product_title\">EKR3 ja 4 j\u00f5usaali-, kulturismi- ja fitnessitreenerite tasemekoolitus<\/h3>\n<p class=\"price\"><span class=\"woocommerce-Price-amount amount\">404.00<span class=\"woocommerce-Price-currencySymbol\">\u20ac<\/span><\/span>\u00a0\u2013\u00a0<span class=\"woocommerce-Price-amount amount\">449.00<span class=\"woocommerce-Price-currencySymbol\">\u20ac, registreeru <a href=\"https:\/\/kulturism.ee\/toode\/ekr3-ja-4-jousaali-kulturismi-ja-fitnessitreenerite-tasemekoolitus-2\/\">siin<\/a>.\u00a0<\/span><\/span><\/p>\n<p>Koolituse ajakava:<\/p>\n<p>Reede, 10.07<\/p>\n<p><strong>10.00 \u2013 13.45<\/strong>\u00a0J\u00f5usaalitreeningu alused (<strong>Indrek Otsus<\/strong>) seminariruum<\/p>\n<p><strong>13:45 \u2013 14:30 L\u00d5UNA<\/strong><\/p>\n<p><strong>14:30 \u2013 17:30<\/strong>\u00a0Toitumise alused (<strong>Indrek Otsus<\/strong>) seminariruum<\/p>\n<p>&nbsp;<\/p>\n<p>Laup\u00e4ev, 11.07<\/p>\n<p><strong>9:30 \u2013 18:00\u00a0<\/strong>F\u00fcsioloogia ja funktsionaalne anatoomia (<strong>Mikk P\u00e4rn<\/strong>), seminariruum<\/p>\n<p>&nbsp;<\/p>\n<p>P\u00fchap\u00e4ev, 12.07<\/p>\n<p><strong>10.00 \u2013 13:45<\/strong>\u00a0Toitumise anal\u00fc\u00fcs, toitumise m\u00fc\u00fcdid (<strong>Indrek Otsus<\/strong>) seminariruum<\/p>\n<p><strong>13:45 \u2013 14:30 L\u00d5UNA<\/strong><\/p>\n<p><strong>14:30 \u2013 18:00<\/strong>\u00a0J\u00f5utreening erineva ea ja tasemega inimestele, v\u00f5istlussportlaste treening (<strong>Indrek Otsus<\/strong>) seminariruum<\/p>\n<p>&nbsp;<\/p>\n<p>&nbsp;<\/p>\n<p>Reede, 17.07<\/p>\n<p><strong>10:00 \u2013 14:00<\/strong>\u00a0 J\u00f5utreeningu alused. Vastupidavusalade sportlaste treening, (<strong>Peep P\u00e4ll<\/strong>) seminariruum<\/p>\n<p><strong>14:00 \u2013 14:45 L\u00d5UNA<\/strong><\/p>\n<p><strong>14:45 \u2013 17:45<\/strong>\u00a0Vastupidavusalade sportlaste treening, praktiline osa, (<strong>Peep P\u00e4ll<\/strong>) r\u00fchmatreeningute saal<\/p>\n<p>&nbsp;<\/p>\n<p>&nbsp;<\/p>\n<p>Laup\u00e4ev, 18.07<\/p>\n<p><strong>9:30 \u2013 18:00<\/strong>\u00a0j\u00f5usaali harjutused ja treeningvahendid, (<strong>Siim Kelner, Siim Savisaar, Siim Veri<\/strong>) j\u00f5usaal<\/p>\n<p>&nbsp;<\/p>\n<p>&nbsp;<\/p>\n<p>P\u00fchap\u00e4ev, 19.07<\/p>\n<p><strong>9:30 \u2013 13.15<\/strong>\u00a0praktiliste \u00fclesannete lahendamine j\u00f5usaalis, (<strong>Siim Kelner, Siim Savisaar, Siim Veri\u00a0<\/strong>) j\u00f5usaal<\/p>\n<p><strong>13:15 \u2013 14:00 L\u00d5UNA<\/strong><\/p>\n<p><strong>14:00- 17:45\u00a0<\/strong>J\u00f5usaaliharjutused f\u00fcsioterapeudi pilgu l\u00e4bi,\u00a0<strong>Siim Savisaar\u00a0<\/strong>seminariruum, j\u00f5usaal<\/p>\n<p>&nbsp;<\/p>\n<p>Laup\u00e4ev, 25.07<\/p>\n<p><strong>10:00 \u2013 13:00\u00a0<\/strong>J\u00f5utreening, tervis ja taastumine (<strong>Siim Savisaar<\/strong>), seminariruum<\/p>\n<p><strong>13:00 \u2013 13:45 L\u00d5UNA<\/strong><\/p>\n<p><strong>13:45 \u2013 18:00\u00a0<\/strong>Laste ja noorte treening, praktiline osa, (<strong>Sten P\u00f5ldsamm<\/strong>) seminariruum, j\u00f5usaal<\/p>\n<p>&nbsp;<\/p>\n<p>P\u00fchap\u00e4ev, 26.07<\/p>\n<p><strong>9:30\u00a0 \u2013 12:30\u00a0<\/strong>J\u00f5usaalitreeningu soojendusosa, mobilisatsioon (<strong>Sten P\u00f5ldsamm<\/strong>) seminariruum, j\u00f5usaal<\/p>\n<p><strong>12:30 \u2013 13:15 L\u00d5UNA<\/strong><\/p>\n<p><strong>13:15 \u2013 14:45\u00a0<\/strong>Toidulisandite teaduslikud uuringud (<strong>Siim Kelner<\/strong>)\u00a0 seminariruum<\/p>\n<p><strong>14:45 \u2013 16:15\u00a0<\/strong>Doping\u00a0 (<strong>Siim Kelner<\/strong>) \u00a0seminariruum<\/p>\n<p><strong>16:15 \u2013 17:45<\/strong>\u00a0Iseseisvate t\u00f6\u00f6de ettekandmine (<strong>Siim Kelner<\/strong>,\u00a0<strong>Indrek Otsus<\/strong>) seminariruum<\/p>\n<p>&nbsp;<\/p>\n<p>Treenerikutse taotlemiseks tuleb lisaks tasemekoolitusele l\u00e4bida<a href=\"http:\/\/www.sport.ee\/event\/631\/uldained_ekr_3\">\u00a0EKR3 \u00fcldained<\/a>\u00a0ja 16h esmaabikoolitus. Kutse taotlemine ei ole m\u00e4\u00e4rav \u2013 koolitust saab l\u00e4bida ka enese t\u00e4iendamiseks.<\/p>\n<p>Kutseeksam toimub 29. 08 kell 10:00 Sparta spordiklubis.<\/p>\n","protected":false},"excerpt":{"rendered":"<p>EKR3 ja 4 j\u00f5usaali-, kulturismi- ja fitnessitreenerite tasemekoolitus 404.00\u20ac\u00a0\u2013\u00a0449.00\u20ac, registreeru siin.\u00a0 Koolituse ajakava: Reede, 10.07 10.00 \u2013 13.45\u00a0J\u00f5usaalitreeningu alused (Indrek&#8230;<\/p>\n","protected":false},"author":4,"featured_media":6550,"template":"","meta":{"spay_email":"","_tribe_events_status":"","_tribe_events_status_reason":"","footnotes":""},"tags":[],"tribe_events_cat":[7],"class_list":["post-6572","tribe_events","type-tribe_events","status-publish","has-post-thumbnail","hentry","tribe_events_cat-koolitused","cat_koolitused"],"jetpack_sharing_enabled":true,"_links":{"self":[{"href":"https:\/\/kulturism.ee\/ru\/wp-json\/wp\/v2\/tribe_events\/6572","targetHints":{"allow":["GET"]}}],"collection":[{"href":"https:\/\/kulturism.ee\/ru\/wp-json\/wp\/v2\/tribe_events"}],"about":[{"href":"https:\/\/kulturism.ee\/ru\/wp-json\/wp\/v2\/types\/tribe_events"}],"author":[{"embeddable":true,"href":"https:\/\/kulturism.ee\/ru\/wp-json\/wp\/v2\/users\/4"}],"version-history":[{"count":1,"href":"https:\/\/kulturism.ee\/ru\/wp-json\/wp\/v2\/tribe_events\/6572\/revisions"}],"predecessor-version":[{"id":6573,"href":"https:\/\/kulturism.ee\/ru\/wp-json\/wp\/v2\/tribe_events\/6572\/revisions\/6573"}],"wp:featuredmedia":[{"embeddable":true,"href":"https:\/\/kulturism.ee\/ru\/wp-json\/wp\/v2\/media\/6550"}],"wp:attachment":[{"href":"https:\/\/kulturism.ee\/ru\/wp-json\/wp\/v2\/media?parent=6572"}],"wp:term":[{"taxonomy":"post_tag","embeddable":true,"href":"https:\/\/kulturism.ee\/ru\/wp-json\/wp\/v2\/tags?post=6572"},{"taxonomy":"tribe_events_cat","embeddable":true,"href":"https:\/\/kulturism.ee\/ru\/wp-json\/wp\/v2\/tribe_events_cat?post=6572"}],"curies":[{"name":"wp","href":"https:\/\/api.w.org\/{rel}","templated":true}]}}

<h3 class="product_title">EKR3 ja 4 jõusaali-, kulturismi- ja fitnessitreenerite tasemekoolitus</h3>
<p class="price"><span class="woocommerce-Price-amount amount">404.00<span class="woocommerce-Price-currencySymbol">€</span></span> – <span class="woocommerce-Price-amount amount">449.00<span class="woocommerce-Price-currencySymbol">€, registreeru <a href="https://kulturism.ee/toode/ekr3-ja-4-jousaali-kulturismi-ja-fitnessitreenerite-tasemekoolitus-2/">siin</a>. </span></span></p>
<p>Koolituse ajakava:</p>
<p>Reede, 10.07</p>
<p><strong>10.00 – 13.45</strong> Jõusaalitreeningu alused (<strong>Indrek Otsus</strong>) seminariruum</p>
<p><strong>13:45 – 14:30 LÕUNA</strong></p>
<p><strong>14:30 – 17:30</strong> Toitumise alused (<strong>Indrek Otsus</strong>) seminariruum</p>
<p>&nbsp;</p>
<p>Laupäev, 11.07</p>
<p><strong>9:30 – 18:00 </strong>Füsioloogia ja funktsionaalne anatoomia (<strong>Mikk Pärn</strong>), seminariruum</p>
<p>&nbsp;</p>
<p>Pühapäev, 12.07</p>
<p><strong>10.00 – 13:45</strong> Toitumise analüüs, toitumise müüdid (<strong>Indrek Otsus</strong>) seminariruum</p>
<p><strong>13:45 – 14:30 LÕUNA</strong></p>
<p><strong>14:30 – 18:00</strong> Jõutreening erineva ea ja tasemega inimestele, võistlussportlaste treening (<strong>Indrek Otsus</strong>) seminariruum</p>
<p>&nbsp;</p>
<p>&nbsp;</p>
<p>Reede, 17.07</p>
<p><strong>10:00 – 14:00</strong>  Jõutreeningu alused. Vastupidavusalade sportlaste treening, (<strong>Peep Päll</strong>) seminariruum</p>
<p><strong>14:00 – 14:45 LÕUNA</strong></p>
<p><strong>14:45 – 17:45</strong> Vastupidavusalade sportlaste treening, praktiline osa, (<strong>Peep Päll</strong>) rühmatreeningute saal</p>
<p>&nbsp;</p>
<p>&nbsp;</p>
<p>Laupäev, 18.07</p>
<p><strong>9:30 – 18:00</strong> jõusaali harjutused ja treeningvahendid, (<strong>Siim Kelner, Siim Savisaar, Siim Veri</strong>) jõusaal</p>
<p>&nbsp;</p>
<p>&nbsp;</p>
<p>Pühapäev, 19.07</p>
<p><strong>9:30 – 13.15</strong> praktiliste ülesannete lahendamine jõusaalis, (<strong>Siim Kelner, Siim Savisaar, Siim Veri </strong>) jõusaal</p>
<p><strong>13:15 – 14:00 LÕUNA</strong></p>
<p><strong>14:00- 17:45 </strong>Jõusaaliharjutused füsioterapeudi pilgu läbi, <strong>Siim Savisaar </strong>seminariruum, jõusaal</p>
<p>&nbsp;</p>
<p>Laupäev, 25.07</p>
<p><strong>10:00 – 13:00 </strong>Jõutreening, tervis ja taastumine (<strong>Siim Savisaar</strong>), seminariruum</p>
<p><strong>13:00 – 13:45 LÕUNA</strong></p>
<p><strong>13:45 – 18:00 </strong>Laste ja noorte treening, praktiline osa, (<strong>Sten Põldsamm</strong>) seminariruum, jõusaal</p>
<p>&nbsp;</p>
<p>Pühapäev, 26.07</p>
<p><strong>9:30  – 12:30 </strong>Jõusaalitreeningu soojendusosa, mobilisatsioon (<strong>Sten Põldsamm</strong>) seminariruum, jõusaal</p>
<p><strong>12:30 – 13:15 LÕUNA</strong></p>
<p><strong>13:15 – 14:45 </strong>Toidulisandite teaduslikud uuringud (<strong>Siim Kelner</strong>)  seminariruum</p>
<p><strong>14:45 – 16:15 </strong>Doping  (<strong>Siim Kelner</strong>)  seminariruum</p>
<p><strong>16:15 – 17:45</strong> Iseseisvate tööde ettekandmine (<strong>Siim Kelner</strong>, <strong>Indrek Otsus</strong>) seminariruum</p>
<p>&nbsp;</p>
<p>Treenerikutse taotlemiseks tuleb lisaks tasemekoolitusele läbida<a href="http://www.sport.ee/event/631/uldained_ekr_3"> EKR3 üldained</a> ja 16h esmaabikoolitus. Kutse taotlemine ei ole määrav – koolitust saab läbida ka enese täiendamiseks.</p>
<p>Kutseeksam toimub 29. 08 kell 10:00 Sparta spordiklubis.</p>

<p>EKR3 ja 4 jõusaali-, kulturismi- ja fitnessitreenerite tasemekoolitus 404.00€ – 449.00€, registreeru siin.  Koolituse ajakava: Reede, 10.07 10.00 – 13.45 Jõusaalitreeningu alused (Indrek&#8230;</p>
