{"id":5248,"date":"2019-12-24T08:37:16","date_gmt":"2019-12-24T06:37:16","guid":{"rendered":"https:\/\/kulturism.ee\/?post_type=tribe_events&#038;p=5248"},"modified":"2020-03-14T15:55:57","modified_gmt":"2020-03-14T13:55:57","slug":"jousaali-kulturismi-ja-fitnessi-treenerite-tasemekoolitus-ekr3-ja-4","status":"publish","type":"tribe_events","link":"https:\/\/kulturism.ee\/ru\/sundmus\/jousaali-kulturismi-ja-fitnessi-treenerite-tasemekoolitus-ekr3-ja-4\/","title":{"rendered":"J\u00f5usaali-, kulturismi- ja fitnessi treenerite tasemekoolitus EKR3 ja 4 l\u00fckkub edasi"},"content":{"rendered":"<p>J\u00f5usaali-, kulturismi- ja fitnessitreenerite erialane koolitus tasemetele EKR3 ja EKR4 (80 ak) 13.03 \u2013 15.03; 20.03 \u2013 22.03 ja 28.03 \u2013 29.03 2020<\/p>\n<p>&nbsp;<\/p>\n<p>Koolitus toimub Sparta spordiklubis (P\u00e4rnu mnt 139c, Tallinn)<\/p>\n<p>Ajakava:<\/p>\n<p>Reede, 13.03<\/p>\n<p><strong>10.00 \u2013 13.45<\/strong> J\u00f5usaalitreeningu alused (<strong>Indrek Otsus<\/strong>) seminariruum<\/p>\n<p><strong>13:45 \u2013 14:30 L\u00d5UNA<\/strong><\/p>\n<p><strong>14:30 \u2013 17:30<\/strong> Toitumise alused (<strong>Indrek Otsus<\/strong>) seminariruum<\/p>\n<p>&nbsp;<\/p>\n<p>Laup\u00e4ev, 14.03.<\/p>\n<p><strong>9:30 \u2013 18:00 <\/strong>F\u00fcsioloogia ja funktsionaalne anatoomia (<strong>Mikk P\u00e4rn<\/strong>), seminariruum<\/p>\n<p>&nbsp;<\/p>\n<p>P\u00fchap\u00e4ev, 15.03<\/p>\n<p><strong>10.00 \u2013 13:45<\/strong> Toitumise anal\u00fc\u00fcs, toitumise m\u00fc\u00fcdid (<strong>Indrek Otsus<\/strong>) seminariruum<\/p>\n<p><strong>13:45 \u2013 14:30 L\u00d5UNA<\/strong><\/p>\n<p><strong>14:30 \u2013 18:00<\/strong> J\u00f5utreening erineva ea ja tasemega inimestele, v\u00f5istlussportlaste treening (<strong>Indrek Otsus<\/strong>) seminariruum<\/p>\n<p>&nbsp;<\/p>\n<p>&nbsp;<\/p>\n<p>Reede, 20.03<\/p>\n<p><strong>10:00 \u2013 14:00<\/strong> \u00a0J\u00f5utreeningu alused. Vastupidavusalade sportlaste treening, (<strong>Peep P\u00e4ll<\/strong>) seminariruum<\/p>\n<p><strong>14:00 \u2013 14:45 L\u00d5UNA<\/strong><\/p>\n<p><strong>14:45 \u2013 17:45<\/strong> Vastupidavusalade sportlaste treening, praktiline osa, (<strong>Peep P\u00e4ll<\/strong>) r\u00fchmatreeningute saal<\/p>\n<p>&nbsp;<\/p>\n<p>Laup\u00e4ev, 21.03<\/p>\n<p><strong>9:30 \u2013 18:00<\/strong> j\u00f5usaali harjutused ja treeningvahendid, (<strong>Siim Kelner, Siim Savisaar, Siim Veri<\/strong>) j\u00f5usaal<\/p>\n<p>&nbsp;<\/p>\n<p>P\u00fchap\u00e4ev, 22.03<\/p>\n<p><strong>9:30 \u2013 13.15<\/strong> praktiliste \u00fclesannete lahendamine j\u00f5usaalis, (<strong>Siim Kelner, Siim Savisaar, Siim Veri <\/strong>) j\u00f5usaal<\/p>\n<p><strong>13:15 \u2013 14:00 L\u00d5UNA<\/strong><\/p>\n<p><strong>14:00- 17:45 <\/strong>J\u00f5usaaliharjutused f\u00fcsioterapeudi pilgu l\u00e4bi, <strong>Siim Savisaar <\/strong>seminariruum, j\u00f5usaal<\/p>\n<p>&nbsp;<\/p>\n<p>Laup\u00e4ev, 28.03<\/p>\n<p><strong>10:00 \u2013 13:00 <\/strong>J\u00f5utreening, tervis ja taastumine (<strong>Siim Savisaar<\/strong>), seminariruum<\/p>\n<p><strong>13:00 \u2013 13:45 L\u00d5UNA<\/strong><\/p>\n<p><strong>13:45 \u2013 18:00 <\/strong>Laste ja noorte treening, praktiline osa, (<strong>Sten P\u00f5ldsamm<\/strong>) seminariruum, j\u00f5usaal<\/p>\n<p>&nbsp;<\/p>\n<p>P\u00fchap\u00e4ev, 29.03<\/p>\n<p><strong>9:30\u00a0 \u2013 12:30 <\/strong>J\u00f5usaalitreeningu soojendusosa, mobilisatsioon (<strong>Sten P\u00f5ldsamm<\/strong>) seminariruum, j\u00f5usaal<\/p>\n<p><strong>12:30 \u2013 13:15 L\u00d5UNA<\/strong><\/p>\n<p><strong>13:15 \u2013 14:45 <\/strong>Toidulisandite teaduslikud uuringud (<strong>Siim Kelner<\/strong>) \u00a0seminariruum<\/p>\n<p><strong>14:45 \u2013 16:15 <\/strong>Doping\u00a0 (<strong>Siim Kelner<\/strong>) \u00a0seminariruum<\/p>\n<p><strong>16:15 \u2013 17:45<\/strong> Iseseisvate t\u00f6\u00f6de ettekandmine (<strong>Siim Kelner<\/strong>, <strong>Indrek Otsus<\/strong>) seminariruum<\/p>\n<p>&nbsp;<\/p>\n<p>Koolituse maksumus 449 eurot, EKFL liikmesklubide treeneritele 404,00<\/p>\n<p>Registreerumine koolitusele <a href=\"https:\/\/kulturism.ee\/toode\/ekr3-ja-4-jousaali-kulturismi-ja-fitnessitreenerite-tasemekoolitus\/\">e-poes<\/a><\/p>\n<p>Koolituse maht 80 akadeemilist tundi.<\/p>\n<p>K\u00f5ik soovijad saavad koolitusel osaleda sh ka enese t\u00e4iendamiseks. N\u00f5uet kutset taotleda ja eksamit sooritada koolituse l\u00e4bimisega ei kaasne.<\/p>\n<p>EOK Kulturismi- ja fitnessitreeneri kutse taotlemiseks on lisaks vaja l\u00e4bida:<\/p>\n<ol>\n<li>EOK \u00fcldained III tasemele<\/li>\n<li>16h esmaabikoolitus<\/li>\n<\/ol>\n<p>&nbsp;<\/p>\n","protected":false},"excerpt":{"rendered":"<p>J\u00f5usaali-, kulturismi- ja fitnessitreenerite erialane koolitus tasemetele EKR3 ja EKR4 (80 ak) 13.03 \u2013 15.03; 20.03 \u2013 22.03 ja 28.03&#8230;<\/p>\n","protected":false},"author":4,"featured_media":5237,"template":"","meta":{"spay_email":"","_tribe_events_status":"","_tribe_events_status_reason":"","footnotes":""},"tags":[],"tribe_events_cat":[7],"class_list":["post-5248","tribe_events","type-tribe_events","status-publish","has-post-thumbnail","hentry","tribe_events_cat-koolitused","cat_koolitused"],"jetpack_sharing_enabled":true,"_links":{"self":[{"href":"https:\/\/kulturism.ee\/ru\/wp-json\/wp\/v2\/tribe_events\/5248","targetHints":{"allow":["GET"]}}],"collection":[{"href":"https:\/\/kulturism.ee\/ru\/wp-json\/wp\/v2\/tribe_events"}],"about":[{"href":"https:\/\/kulturism.ee\/ru\/wp-json\/wp\/v2\/types\/tribe_events"}],"author":[{"embeddable":true,"href":"https:\/\/kulturism.ee\/ru\/wp-json\/wp\/v2\/users\/4"}],"version-history":[{"count":7,"href":"https:\/\/kulturism.ee\/ru\/wp-json\/wp\/v2\/tribe_events\/5248\/revisions"}],"predecessor-version":[{"id":6398,"href":"https:\/\/kulturism.ee\/ru\/wp-json\/wp\/v2\/tribe_events\/5248\/revisions\/6398"}],"wp:featuredmedia":[{"embeddable":true,"href":"https:\/\/kulturism.ee\/ru\/wp-json\/wp\/v2\/media\/5237"}],"wp:attachment":[{"href":"https:\/\/kulturism.ee\/ru\/wp-json\/wp\/v2\/media?parent=5248"}],"wp:term":[{"taxonomy":"post_tag","embeddable":true,"href":"https:\/\/kulturism.ee\/ru\/wp-json\/wp\/v2\/tags?post=5248"},{"taxonomy":"tribe_events_cat","embeddable":true,"href":"https:\/\/kulturism.ee\/ru\/wp-json\/wp\/v2\/tribe_events_cat?post=5248"}],"curies":[{"name":"wp","href":"https:\/\/api.w.org\/{rel}","templated":true}]}}

Jõusaali-, kulturismi- ja fitnessi treenerite tasemekoolitus EKR3 ja 4 lükkub edasi

<p>Jõusaali-, kulturismi- ja fitnessitreenerite erialane koolitus tasemetele EKR3 ja EKR4 (80 ak) 13.03 – 15.03; 20.03 – 22.03 ja 28.03 – 29.03 2020</p>
<p>&nbsp;</p>
<p>Koolitus toimub Sparta spordiklubis (Pärnu mnt 139c, Tallinn)</p>
<p>Ajakava:</p>
<p>Reede, 13.03</p>
<p><strong>10.00 – 13.45</strong> Jõusaalitreeningu alused (<strong>Indrek Otsus</strong>) seminariruum</p>
<p><strong>13:45 – 14:30 LÕUNA</strong></p>
<p><strong>14:30 – 17:30</strong> Toitumise alused (<strong>Indrek Otsus</strong>) seminariruum</p>
<p>&nbsp;</p>
<p>Laupäev, 14.03.</p>
<p><strong>9:30 – 18:00 </strong>Füsioloogia ja funktsionaalne anatoomia (<strong>Mikk Pärn</strong>), seminariruum</p>
<p>&nbsp;</p>
<p>Pühapäev, 15.03</p>
<p><strong>10.00 – 13:45</strong> Toitumise analüüs, toitumise müüdid (<strong>Indrek Otsus</strong>) seminariruum</p>
<p><strong>13:45 – 14:30 LÕUNA</strong></p>
<p><strong>14:30 – 18:00</strong> Jõutreening erineva ea ja tasemega inimestele, võistlussportlaste treening (<strong>Indrek Otsus</strong>) seminariruum</p>
<p>&nbsp;</p>
<p>&nbsp;</p>
<p>Reede, 20.03</p>
<p><strong>10:00 – 14:00</strong>  Jõutreeningu alused. Vastupidavusalade sportlaste treening, (<strong>Peep Päll</strong>) seminariruum</p>
<p><strong>14:00 – 14:45 LÕUNA</strong></p>
<p><strong>14:45 – 17:45</strong> Vastupidavusalade sportlaste treening, praktiline osa, (<strong>Peep Päll</strong>) rühmatreeningute saal</p>
<p>&nbsp;</p>
<p>Laupäev, 21.03</p>
<p><strong>9:30 – 18:00</strong> jõusaali harjutused ja treeningvahendid, (<strong>Siim Kelner, Siim Savisaar, Siim Veri</strong>) jõusaal</p>
<p>&nbsp;</p>
<p>Pühapäev, 22.03</p>
<p><strong>9:30 – 13.15</strong> praktiliste ülesannete lahendamine jõusaalis, (<strong>Siim Kelner, Siim Savisaar, Siim Veri </strong>) jõusaal</p>
<p><strong>13:15 – 14:00 LÕUNA</strong></p>
<p><strong>14:00- 17:45 </strong>Jõusaaliharjutused füsioterapeudi pilgu läbi, <strong>Siim Savisaar </strong>seminariruum, jõusaal</p>
<p>&nbsp;</p>
<p>Laupäev, 28.03</p>
<p><strong>10:00 – 13:00 </strong>Jõutreening, tervis ja taastumine (<strong>Siim Savisaar</strong>), seminariruum</p>
<p><strong>13:00 – 13:45 LÕUNA</strong></p>
<p><strong>13:45 – 18:00 </strong>Laste ja noorte treening, praktiline osa, (<strong>Sten Põldsamm</strong>) seminariruum, jõusaal</p>
<p>&nbsp;</p>
<p>Pühapäev, 29.03</p>
<p><strong>9:30  – 12:30 </strong>Jõusaalitreeningu soojendusosa, mobilisatsioon (<strong>Sten Põldsamm</strong>) seminariruum, jõusaal</p>
<p><strong>12:30 – 13:15 LÕUNA</strong></p>
<p><strong>13:15 – 14:45 </strong>Toidulisandite teaduslikud uuringud (<strong>Siim Kelner</strong>)  seminariruum</p>
<p><strong>14:45 – 16:15 </strong>Doping  (<strong>Siim Kelner</strong>)  seminariruum</p>
<p><strong>16:15 – 17:45</strong> Iseseisvate tööde ettekandmine (<strong>Siim Kelner</strong>, <strong>Indrek Otsus</strong>) seminariruum</p>
<p>&nbsp;</p>
<p>Koolituse maksumus 449 eurot, EKFL liikmesklubide treeneritele 404,00</p>
<p>Registreerumine koolitusele <a href="https://kulturism.ee/toode/ekr3-ja-4-jousaali-kulturismi-ja-fitnessitreenerite-tasemekoolitus/">e-poes</a></p>
<p>Koolituse maht 80 akadeemilist tundi.</p>
<p>Kõik soovijad saavad koolitusel osaleda sh ka enese täiendamiseks. Nõuet kutset taotleda ja eksamit sooritada koolituse läbimisega ei kaasne.</p>
<p>EOK Kulturismi- ja fitnessitreeneri kutse taotlemiseks on lisaks vaja läbida:</p>
<ol>
<li>EOK üldained III tasemele</li>
<li>16h esmaabikoolitus</li>
</ol>
<p>&nbsp;</p>

<p>Jõusaali-, kulturismi- ja fitnessitreenerite erialane koolitus tasemetele EKR3 ja EKR4 (80 ak) 13.03 – 15.03; 20.03 – 22.03 ja 28.03&#8230;</p>
