{"id":17511,"date":"2026-01-29T17:12:36","date_gmt":"2026-01-29T15:12:36","guid":{"rendered":"https:\/\/kulturism.ee\/?post_type=tribe_events&#038;p=17511"},"modified":"2026-03-23T21:07:00","modified_gmt":"2026-03-23T19:07:00","slug":"eesti-karikavoistlused-kulturismis-ja-fitnessis","status":"publish","type":"tribe_events","link":"https:\/\/kulturism.ee\/ru\/sundmus\/eesti-karikavoistlused-kulturismis-ja-fitnessis\/","title":{"rendered":"Eesti karikav\u00f5istlused kulturismis ja fitnessis"},"content":{"rendered":"<p>Salme kultuurikeskus, Tallinn<\/p>\n<p>V\u00f5istlusele registreerumine <a href=\"https:\/\/docs.google.com\/forms\/d\/e\/1FAIpQLSdiBIDjtSDDLCGvFK16-l5MBRdsMrblswLs69T6yv3gYGc9TA\/viewform?usp=publish-editor\">siin<\/a><\/p>\n<p>V\u00d5ISTLUSE JUHENDI LEIAD <a href=\"https:\/\/kulturism.ee\/wp-content\/uploads\/2026\/03\/Faili-EESTI-KARIKAVOISTLUSED-KULTURISMIS-JA-FITNESSIS-2026-VOISTLUSJUHEND-1-3.pdf\">SIIT<\/a><\/p>\n<p>Piletim\u00fc\u00fck Fienta keskkonnas: <a href=\"https:\/\/fienta.com\/et\/eesti-karikavoistlused-kulturismis-ja-fitnessis-2\">https:\/\/fienta.com\/et\/eesti-karikavoistlused-kulturismis-ja-fitnessis-2<\/a><\/p>\n<p>&nbsp;<\/p>\n","protected":false},"excerpt":{"rendered":"<p>Salme kultuurikeskus, Tallinn V\u00f5istlusele registreerumine siin V\u00d5ISTLUSE JUHENDI LEIAD SIIT Piletim\u00fc\u00fck Fienta keskkonnas: https:\/\/fienta.com\/et\/eesti-karikavoistlused-kulturismis-ja-fitnessis-2 &nbsp;<\/p>\n","protected":false},"author":4,"featured_media":17838,"template":"","meta":{"spay_email":"","_tribe_events_status":"","_tribe_events_status_reason":"","footnotes":""},"tags":[],"tribe_events_cat":[6],"class_list":["post-17511","tribe_events","type-tribe_events","status-publish","has-post-thumbnail","hentry","tribe_events_cat-voistlused","cat_voistlused"],"jetpack_sharing_enabled":true,"_links":{"self":[{"href":"https:\/\/kulturism.ee\/ru\/wp-json\/wp\/v2\/tribe_events\/17511","targetHints":{"allow":["GET"]}}],"collection":[{"href":"https:\/\/kulturism.ee\/ru\/wp-json\/wp\/v2\/tribe_events"}],"about":[{"href":"https:\/\/kulturism.ee\/ru\/wp-json\/wp\/v2\/types\/tribe_events"}],"author":[{"embeddable":true,"href":"https:\/\/kulturism.ee\/ru\/wp-json\/wp\/v2\/users\/4"}],"version-history":[{"count":10,"href":"https:\/\/kulturism.ee\/ru\/wp-json\/wp\/v2\/tribe_events\/17511\/revisions"}],"predecessor-version":[{"id":17840,"href":"https:\/\/kulturism.ee\/ru\/wp-json\/wp\/v2\/tribe_events\/17511\/revisions\/17840"}],"wp:featuredmedia":[{"embeddable":true,"href":"https:\/\/kulturism.ee\/ru\/wp-json\/wp\/v2\/media\/17838"}],"wp:attachment":[{"href":"https:\/\/kulturism.ee\/ru\/wp-json\/wp\/v2\/media?parent=17511"}],"wp:term":[{"taxonomy":"post_tag","embeddable":true,"href":"https:\/\/kulturism.ee\/ru\/wp-json\/wp\/v2\/tags?post=17511"},{"taxonomy":"tribe_events_cat","embeddable":true,"href":"https:\/\/kulturism.ee\/ru\/wp-json\/wp\/v2\/tribe_events_cat?post=17511"}],"curies":[{"name":"wp","href":"https:\/\/api.w.org\/{rel}","templated":true}]}}

Eesti karikavõistlused kulturismis ja fitnessis

<p>Salme kultuurikeskus, Tallinn</p>
<p>Võistlusele registreerumine <a href="https://docs.google.com/forms/d/e/1FAIpQLSdiBIDjtSDDLCGvFK16-l5MBRdsMrblswLs69T6yv3gYGc9TA/viewform?usp=publish-editor">siin</a></p>
<p>VÕISTLUSE JUHENDI LEIAD <a href="https://kulturism.ee/wp-content/uploads/2026/03/Faili-EESTI-KARIKAVOISTLUSED-KULTURISMIS-JA-FITNESSIS-2026-VOISTLUSJUHEND-1-3.pdf">SIIT</a></p>
<p>Piletimüük Fienta keskkonnas: <a href="https://fienta.com/et/eesti-karikavoistlused-kulturismis-ja-fitnessis-2">https://fienta.com/et/eesti-karikavoistlused-kulturismis-ja-fitnessis-2</a></p>
<p>&nbsp;</p>

<p>Salme kultuurikeskus, Tallinn Võistlusele registreerumine siin VÕISTLUSE JUHENDI LEIAD SIIT Piletimüük Fienta keskkonnas: https://fienta.com/et/eesti-karikavoistlused-kulturismis-ja-fitnessis-2 &nbsp;</p>
